 tens digit of w(21)?
9
Let u = 5884 + -4081. Let g = u + -652. What is the units digit of g?
1
Let q be 1/((-2)/(-6)) - (105 - 0). Let j = 219 + q. Suppose 2*v - 137 = j. What is the units digit of v?
7
Suppose -5*z + 174329 = 5*a + 38859, -4*z - 2*a + 108388 = 0. What is the units digit of z?
0
Let k = -2106 - -2486. What is the tens digit of k?
8
Let v be (3/2)/(27/342). Let m = v + -54. Let c = 80 + m. What is the units digit of c?
5
Let o(i) = -1291*i - 1662. What is the tens digit of o(-9)?
5
Suppose -t = 20*a - 15*a - 114875, -3*t + 68925 = 3*a. What is the hundreds digit of a?
9
Let p = 66 - 78. What is the hundreds digit of 465/2 - ((-150)/p)/(-5)?
2
Let f be (177/(-15))/(5/(-25)). Let r = 83 - f. Suppose -44*u + 40*u = -r. What is the units digit of u?
6
Let a(c) = -87*c - 207. Let n be a(18). Let i = n + 3479. What is the hundreds digit of i?
7
Let s = -16 - -134. Suppose -67 = -n + q + 4*q, -2*n = -2*q - s. Let p = n + 33. What is the units digit of p?
0
Let g = 121 + -119. Suppose x + 5*i - 19 = -g*x, -2*x + 3*i = -19. Suppose -11*l + 519 = -x*l. What is the hundreds digit of l?
1
Suppose 0 = -3*a + 4*s + 26, 2*s + 0*s = -5*a. Let g be (-20)/40*2*1. What is the tens digit of a - 350/(5/g)?
7
What is the tens digit of 6700 + (-7 + 11 - 11)?
9
Let l be ((-6)/3)/((-3)/18*2). Let n = l + 3. What is the units digit of 2/n - 100/(-36)?
3
Suppose 3*o = 5*c + 6 + 20, -4*o - 3*c + 25 = 0. Suppose 498 = o*m - 412. Suppose -3*n - 618 = -4*k, -k - n + m = -28. What is the units digit of k?
6
Suppose -g - 34626 = 68*d - 73*d, -3*d + 20770 = -2*g. What is the thousands digit of d?
6
Let l(r) = r**3 + r**2 - 5*r + 5. Let f be l(3). Let w = f + -24. Suppose -3*j + 29 = -w*c + 169, 0 = -4*c + j + 280. What is the tens digit of c?
7
Suppose i + 2*i = -4*w + 13, -3*i + 14 = 5*w. What is the units digit of (w + 2 + -5)*(-622)/4?
1
Let s = 16118 - 10394. What is the units digit of s?
4
Let z = -1724 - -969. Let y = z + 1066. What is the hundreds digit of y?
3
Let b(i) = i**3 + 7*i**2 + 11*i + 10. Let r be b(-5). Let h(f) = 95*f - 32. What is the tens digit of h(r)?
4
Suppose 21*a - 642 = 15*a. Let f = a + 72. What is the units digit of f?
9
Let t(l) = l**2 - 13*l - 19. Let x = 7 + -7. Suppose 3*f - 63 = -x*f. What is the tens digit of t(f)?
4
Let q be 371 + 3 + (7 - 5). Let m be (11 - (1 + 4))*q/6. Let i = m + -202. What is the units digit of i?
4
Suppose -22*p = -60 - 94. Suppose -p*m + 2393 + 428 = 0. What is the hundreds digit of m?
4
Let j(b) = 31*b**2 + 26*b - 26. Suppose -8*n + 57 - 9 = 0. What is the hundreds digit of j(n)?
2
Suppose -3*d - 14 = -26. Suppose 414 = d*j - 1274. What is the units digit of j?
2
Let f(k) = 181*k**3 - 10*k**2 + 52*k - 241. What is the thousands digit of f(6)?
8
Suppose 2593*u - 2581*u - 454680 = 0. What is the ten thousands digit of u?
3
What is the hundreds digit of (77908/12 + 1)*(-78)/(-65)?
7
Suppose -4*o + 6*o - 28698 = -4*o. What is the hundreds digit of o?
7
Let q be (-23)/3*(9 + 0). Let n = q - -67. What is the tens digit of -83*(n + 1)*1?
8
Let t(f) = 7 + 15*f**2 + 12 - f**3 + 9 - 7 - 10*f. Let v be (-5)/((-25)/(-14))*-5. What is the units digit of t(v)?
7
Let v(a) = -20242*a - 184. What is the units digit of v(-4)?
4
Suppose -337*m + 221*m = -70213 - 223267. What is the tens digit of m?
3
Let k = -9837 - -19685. What is the units digit of k?
8
Suppose -21 = -5*j + 9. Suppose j*x = -5 + 5. What is the units digit of (-108)/(-4) - x/(-1)?
7
Suppose 22*v - v = 63. Suppose 3*y + 1197 = v*x, -y = 2*x - 0*y - 804. What is the hundreds digit of x?
4
Let q be (-1)/(-6) + (-51)/(-18) + 2. Suppose -b + 431 = 4*u, -6*u + 1315 = 3*b - q*u. What is the units digit of b?
9
Suppose -7*w + 3*w = 5*d - 41729, 0 = -w + 2*d + 10416. Suppose 2*g - w = -11*g. What is the units digit of g?
2
Let l = -22396 - -35936. What is the units digit of l?
0
Suppose -12*s = -551*s + 11079129 + 21471620. What is the units digit of s?
1
Let f(u) = u**3 + 4*u**2 - 11*u + 7. Let z be f(-6). What is the units digit of 16/4 + z + -1?
4
Suppose -4*u + 0*q + 18606 = -q, 13964 = 3*u + 4*q. What is the units digit of (u/6)/2 - (-102)/(-153)?
7
Suppose -4*v - 10*q = -5*q - 11486, 0 = 5*v + 3*q - 14338. What is the units digit of v?
4
Let i(a) = 15*a + 18. Let m be i(-2). What is the hundreds digit of (-254 - -1)*m/12?
2
Let s = 350 + -347. Suppose -2*n + 94 = -3*a, 141 = s*n + 13*a - 14*a. What is the units digit of n?
7
Suppose 4*g - 24 = 0, -139*n - 163044 = -142*n - 2*g. What is the ten thousands digit of n?
5
Let j(x) = 3*x**2 - x + 2. Let t be j(-2). Suppose -t + 54 = -i - 3*s, 0 = -3*s - 6. Let b = -12 - i. What is the tens digit of b?
2
Suppose 4*t = -2*j + 98786, 4*t - 196090 = -3*j - 47897. What is the thousands digit of j?
9
What is the hundreds digit of ((120/8)/30)/((-3)/(-60282))?
0
Suppose -6*i + i = -15, -2*t = 5*i - 27. Let s(q) = -q**3 + 3*q**2 - 8. Let o be s(-4). Suppose -t*h = -5*h - o. What is the tens digit of h?
0
What is the units digit of ((0 - 1) + 28/(-6))/(1103/(-3123696))?
8
Let b(z) = -213*z + 15185. What is the tens digit of b(0)?
8
Let a(n) = 11*n**2 - 7*n + 6. Let j = 39 + 15. Suppose 0 = -52*g + j*g - 8. What is the units digit of a(g)?
4
Let n be (0 + 2)*((-65)/(-10) + 0). Suppose -6*b = -n*b + 98. Let f(g) = 16*g - 27. What is the hundreds digit of f(b)?
1
Let k = 107784 + -69825. What is the tens digit of k?
5
Let a = -462 - -509. Suppose -a*u = -42*u - 5450. What is the units digit of u?
0
Let h = 22 - 62. Let z = h + 234. Suppose -z = -4*f + 142. What is the tens digit of f?
8
What is the thousands digit of ((-18)/(-8) - 65/260)*(-3902)/(-4)?
1
Suppose 4*m + 4*y = 144, -2*m + 0*y + 4*y + 78 = 0. What is the hundreds digit of (-3 + 20/(-4))*-2*m?
5
Let s = -8228 - -8943. What is the units digit of s?
5
Suppose -v = -5*v + 20. Suppose v*d - 50 = -5. What is the units digit of 32/(-144) - (-1064)/d?
8
What is the units digit of (414890/45)/1 + 6/(-162)*-6?
0
Let p(z) = -z**3 + 5*z**2 + 7*z - 3. Let v be p(6). Suppose v*r = -r + 12. Suppose -3*b - r*o = -0*o - 330, 5*b = -3*o + 556. What is the tens digit of b?
1
Let o = 339 - 331. Suppose 0 = -u - 2*v + 1005, -3*u - 3*v = -o*u + 5064. What is the units digit of u?
1
Suppose -3*a - 12 = p - 3*p, 3*p - 5*a = 19. Suppose -5*r + 2*x + 161 = -0*r, p*x = 2*r - 60. What is the tens digit of r?
3
Let x = 10189 - 7199. What is the hundreds digit of x?
9
Suppose -6*d - d = -21. Suppose d*u + 70 = -o, u + u = -4. Let f = o + 87. What is the units digit of f?
3
Let d be 2/7 + (-104)/(-28). Suppose d*v = 6*v - 4. Let f(k) = 10*k**3 - 3*k**2 - k + 2. What is the tens digit of f(v)?
6
Suppose n + 0*c = 4*c - 1690, 0 = n + c + 1675. Let u = n - -3561. What is the units digit of u?
3
Let r(l) = 446*l**2 - 36*l + 73. What is the thousands digit of r(6)?
5
Let u be ((-18)/(-12))/(6*(-2)/3104). Let k(b) = 92*b + 5. Let n be k(-6). Let c = u - n. What is the hundreds digit of c?
1
Let a(m) = -43*m + 106. Let f(z) = -14*z - 4 + 21 + 11 + 7. Let r(g) = 4*a(g) - 11*f(g). What is the tens digit of r(-6)?
4
Let s = -37299 - -78189. What is the ten thousands digit of s?
4
Suppose 0 = y + 2*d + 31, 5*d = 5*y - 0*y + 125. Let u(w) = -w**2 + 3*w + 109. Let p be u(0). Let v = p + y. What is the units digit of v?
2
Let g be (-32)/(-7) - (-36)/(-63). Suppose -4*m = -36 - g. Let a = m - -91. What is the hundreds digit of a?
1
Let u(y) = -2*y**3 - 12*y**2 + 10*y - 1. Suppose 0 = j + 34 - 33. Let d be (0 - j)*(-1 + -6). What is the tens digit of u(d)?
2
What is the units digit of 0 + 3 - ((-8)/(-8)*0 + -19246)?
9
Let s be (-12)/(-12)*(2 - -3*1). Suppose 9*a + s = 32. Suppose a*k - 3*q + 96 = 351, -166 = -2*k + q. What is the units digit of k?
1
Let s = -1261 - -8278. What is the tens digit of s?
1
Suppose -5*q - 2 + 12 = 0. Suppose -5*b = 5*w - q*w - 1147, 5 = -5*b. Let t = -195 + w. What is the hundreds digit of t?
1
Suppose 651*u - 6591195 = 404*u. What is the units digit of u?
5
Suppose -1 = -3*f + 5. Suppose 3*r - 12 = -f*m + 659, -4*r + 5*m = -864. What is the units digit of r?
1
What is the thousands digit of ((-27)/((-729)/(-79290)))/(8/(-108))?
9
Suppose -7*h - 287736 = -17*h + 4*h. What is the hundreds digit of h?
9
Let f(m) = -m**3 - 57*m**2 - 286*m - 203. What is the hundreds digit of